g.
12
Let a = 25189 - 25165. Suppose -89 = -5*d - 4*q, -d - 20 = -2*d - 3*q. What is the remainder when a is divided by d?
7
Let v(s) = -4*s - 1. Let r be v(-2). Suppose -18*z + 10 = -16*z. Suppose d - 46 = -5*n + r, z*d - 3*n = 405. What is the remainder when d is divided by 16?
14
Let j(k) = -44*k**2 + 100*k**3 - 30*k - 172*k**3 + 70*k**3. Calculate the remainder when j(-23) is divided by 50.
48
Let j(u) = 2*u**3 - 16*u**2 + 7*u + 71. Let o be j(10). Suppose 5*g - o + 521 = 0. What is the remainder when 48 is divided by g?
0
Let k(w) = -w**3 + 36*w**2 - 294*w - 95. Calculate the remainder when 4052 is divided by k(23).
12
Suppose 5*x - 141 + 126 = 0. Suppose -f = -x*f + 58. Calculate the remainder when 37 is divided by f.
8
Let r(h) = -h**3 - 10*h**2 + 82*h + 166. What is the remainder when r(-15) is divided by 5*(9/15 - -1)?
5
Suppose 9*k + 67 = 1129. Suppose -2 = 5*x - 2*q - k, 0 = 4*x + q - 85. What is the remainder when 42 is divided by x?
20
Let x = -211 + 247. Suppose -14*h + 149 = -5. Calculate the remainder when x is divided by h.
3
Suppose 6*l - 10964 = 70. What is the remainder when l is divided by 29?
12
Let v(z) = -z**2 - 42*z + 141. Let f be v(-45). Suppose -f*k - 10 = -382. What is the remainder when 131 is divided by k?
7
Let b(y) = 324*y**2 + 35*y - 128. What is the remainder when b(-7) is divided by 35?
33
Let h be 0/(3 + -7) - (0 + 0). Suppose 46 = 2*t - 6*g + g, h = 2*t - g - 38. Calculate the remainder when 56 is divided by (-240)/t*(0 + 18/(-8)).
26
Let s = 11322 + -10814. What is the remainder when 1531 is divided by s?
7
Suppose v = 2*w - 31, 2*v - 6 + 4 = 0. Let a(f) = f**2 + 7*f. Let k be a(-7). Suppose -6*t + 44 + 124 = k. What is the remainder when t is divided by w?
12
What is the remainder when 12/126 + 9/(189/22174) is divided by 152?
144
Let y = -11067 + 11208. What is the remainder when 3382 is divided by y?
139
Let m(k) = 35*k**2 + 11*k - 51. Let a be m(4). Let l = a - 478. What is the remainder when l is divided by 8?
3
Let k(n) be the first derivative of 7*n**3/3 - 3*n**2/2 + 5*n - 11. What is the remainder when k(-4) is divided by 65?
64
Suppose 2*q + 4 = 0, 687 = -5*v - 3*q + 2046. Let c(l) = -5*l + 61. Let n be c(-6). Suppose v - n = 7*y. Calculate the remainder when y is divided by 7.
5
Let h = 41745 - 41706. Calculate the remainder when (-402)/((-7)/2 + 2) is divided by h.
34
Suppose -5*z + 17 = -18. Suppose z*y - 99 = 13. Calculate the remainder when 108 is divided by y.
12
Suppose 0*a - a = -11. Suppose -8*j = -4*q - 11*j + 14, q = 2*j + 9. Suppose -2*f + 2 = -q*k, 17 = f + 5*k + 1. What is the remainder when a is divided by f?
5
Let q be (2 + -4 + 1)*(-6 - -440). Let a = q - -439. Calculate the remainder when 24 is divided by a.
4
Suppose -906528 = -1594*t + 1510*t. Calculate the remainder when t is divided by 21.
19
Suppose -z - 4*u = -44, 2*z = 13*u - 16*u + 88. Suppose -4*w = -3*i + z, -i + 16 = -2*w + 4. Calculate the remainder when 59 is divided by i.
19
Let j(s) = 3*s - 4. Let k be j(3). Calculate the remainder when 241 is divided by 1 + (-279)/(-9) - k.
25
Suppose 0 = -70*l - 19*l + l + 191928. What is the remainder when l is divided by 12?
9
Suppose 0 = 11*r - 37*r + 1014 + 1846. What is the remainder when 2969 is divided by r?
109
Let s be 2064/69 + (-2)/(-23). Let w(i) = i**3. Calculate the remainder when w(1) is divided by 6/(-15)*s/(-12)*1.
0
Let s(j) = j + 0*j + 2*j**3 - 5*j + 2*j + 7 + 6*j**2. Suppose h - 17 = 4*b, 7 = h - b - b. What is the remainder when s(h) is divided by 4?
1
Let f be ((-8)/6)/(6/(-9)). Suppose 3*z = 5*z - 194. Calculate the remainder when z is divided by -6 + (25 + f - 1).
17
Let y = -148 + 166. What is the remainder when 29 is divided by y?
11
Let t = -1628 + 1664. Suppose -3*y = -y + 6. What is the remainder when 18 is divided by 1 + (y/(-2))/(9/t)?
4
Let u = 4 + 66. Let l = -2 + u. Calculate the remainder when 609 is divided by l.
65
Suppose -377*u + 369*u + 208 = 0. Calculate the remainder when 1368 is divided by u.
16
Let s be -3 + (9 - -1) + -1. What is the remainder when 27/(-36) + 6990/40 is divided by 25 - -4*s/(-8)?
20
Suppose -2*d + 82 = 5*i - 4, -d = 4*i - 49. What is the remainder when d is divided by 24?
9
Suppose 0 = -4*d - 2*l + 606, -d + l + 138 = 6*l. Suppose -1 = -4*j + 2*x + d, 0 = -j + 4*x + 35. Calculate the remainder when j is divided by 20.
19
Let i be (5/(-2))/(6/(-1500)) + -3. Let p = -14 + 34. Calculate the remainder when 13/52 - i/(-8) is divided by p.
18
Let d be 3*4*1219/69. Suppose -5*i - 4*y + 227 = 0, 3*i - y = -2*i + d. Calculate the remainder when i is divided by 32.
11
Let m = 300 - 214. Suppose 420 = 13*k + 134. Calculate the remainder when m is divided by k.
20
Let v be (3 + -1)*(-1 - -4). What is the remainder when (v + 21/(-3))*-147 is divided by 37?
36
Let p(u) = u**3 + 9*u**2 - 7*u + 3. Let l be p(-8). Suppose 3*w - 24 = l. Suppose -w*f = -48*f - 4. What is the remainder when 39 is divided by f?
3
Let h(m) = 117*m**2 + 933*m + 7. Calculate the remainder when 822 is divided by h(-8).
16
Suppose -3*j = -0*h + 2*h - 7471, 4*h = -16. Calculate the remainder when j is divided by 43.
42
Suppose -1101 = -l - c, 2*c - 3587 = -5*l + 1891. Calculate the remainder when l is divided by 121.
3
Let p = 723 + -13. Suppose 114*r - 119*r = p. Let j = r - -346. Calculate the remainder when j is divided by 52.
48
Let f(k) = -k + 25. Let v be f(19). Suppose -4*y = -t + 16, 4*t + 56 = v*t + 4*y. Let w = -5 + t. Calculate the remainder when w is divided by 12.
7
Let u = -270 - -184. Let m be (6*33/(-6))/(153/(-510)). Let n = u + m. What is the remainder when 93 is divided by n?
21
Suppose -33*v + 10*v = 6049. Let b = v - -286. Calculate the remainder when 250 is divided by b.
20
Suppose -16 = 10*k - 12*k + w, -k + w + 7 = 0. Let f = -13 + 9. Calculate the remainder when f/(4/4)*-10 is divided by k.
4
Suppose -4*j = 51*j + 428 + 67. Let i be 0 + (-5)/((-10)/48). What is the remainder when 104 is divided by (-5)/(-1 + j)*i?
8
Suppose 2*n + 656 - 38 = -5*j, 3*n + 369 = -3*j. Let a = j + 151. What is the remainder when a is divided by 11?
5
Let o = 253 + -122. What is the remainder when o is divided by 67?
64
What is the remainder when 130 is divided by 6/1 - 42/(-7)?
10
Let q(z) = -z**2 + 46*z - 119. What is the remainder when (41 + 1)/1 - 4 is divided by q(43)?
8
Let b(z) = -z**2 - 9*z - 5. Suppose -92 = -11*a + 7*a - 5*i, -2*a - i = -40. Calculate the remainder when (-87)/a*3*-2 is divided by b(-4).
14
Suppose 272565 = 173*o - 314*o + 168*o. What is the remainder when o is divided by 153?
150
Suppose -w - 8*s + 5*s = -13, 5*w - 82 = 2*s. Suppose -4*r = 4*q - 8 - 4, 0 = 2*r + 8. What is the remainder when w is divided by q?
2
Suppose -5*u - 4*f = -749, -u + 86 + 66 = 3*f. Calculate the remainder when u is divided by 50.
49
Suppose 0 = -2*b + 267 + 123. Suppose -78*j = -75*j - b. Let z(n) = 5*n - 12. Calculate the remainder when j is divided by z(7).
19
Calculate the remainder when (-3 - (-14 + -1860)) + 20 is divided by 156.
19
Let d = -48 + 163. Calculate the remainder when 405 is divided by d.
60
Let w(c) be the second derivative of 5*c**4/3 + c**3/3 + 3*c**2/2 - 6*c. Let v be 50/18 - 3 - (-160)/(-90). Calculate the remainder when w(v) is divided by 20.
19
Let g = 6 - 3. Suppose -162 = -4*u + 10*u. Let t = 42 + u. What is the remainder when t is divided by g?
0
What is the remainder when (-354)/(-590) + 2484/10 is divided by 95?
59
Suppose 6*f + 308 = 2*f. Suppose -z + 2*z - 2*m - 97 = 0, 509 = 5*z - 4*m. Calculate the remainder when ((-60)/z)/(2/f) is divided by 5.
2
Let d = -129 + 145. Calculate the remainder when 138/(-15)*(2 - (-4 + d)) is divided by 32.
28
Suppose -2*d + 88129 = -w, -17223 - 70870 = -2*d + 5*w. Calculate the remainder when d is divided by 30.
29
Let c be (150/(-170) + (-4)/34)*-2. Suppose u + 51*g - 114 = 48*g, -5*u + c*g = -536. Calculate the remainder when u is divided by 52.
4
Let z = 2072 + -2053. What is the remainder when 293 is divided by z?
8
What is the remainder when ((-18387)/2724)/((-3)/668) is divided by 476?
75
Suppose 10096 + 10568 = 82*y. Calculate the remainder when y is divided by 92.
68
Calculate the remainder when 83 is divided by 64 - ((-3)/(-15))/((-15)/(-150)).
21
Suppose 0 = -3*s + 5 + 16. Supp